 = 244*l. Let z(w) = -4*w**3 + 3*w**2 - w + 2. Calculate the remainder when z(-4) is divided by l.
58
Let f(o) = 258*o - 2251. Calculate the remainder when f(10) is divided by 49.
35
Suppose -17*l + 1896 = 62*l. What is the remainder when 5398 is divided by l?
22
Let b = -82 + 199. Let j(s) = s**3 - 2*s**2 + s - 1. Let v be j(2). Suppose 0 = -3*k + v + 71. What is the remainder when b is divided by k?
21
Let n(q) = 142*q + 1114. Calculate the remainder when n(-4) is divided by 9.
6
Let b(l) = 6*l**2 - 6*l + 1. Let z = 8 - 11. Let o be b(z). Let a = -43 + o. What is the remainder when a is divided by 11?
8
Let c = 45 - 31. Suppose -y - 20*l + 23*l = -31, 0 = 3*y + 2*l - 181. Calculate the remainder when y is divided by c.
13
Let h(t) = 3773*t + 18901. Suppose -4*w - 3*o = -2*o - 59, 73 = 5*w + o. What is the remainder when h(-5) is divided by w?
8
Suppose 3*d + 5*n - 3455 + 1394 = 0, 9*d = -n + 6183. What is the remainder when d is divided by 339?
9
Let c = -12921 - -12991. Calculate the remainder when 348 is divided by c.
68
Let z(y) = 3*y + 14 + 0*y - 2*y + 0*y. Calculate the remainder when z(7) is divided by -8 + 21 + 0 + -2.
10
Let r(g) = -761*g - 8358. Let d(l) = l**2 - 2*l. Calculate the remainder when r(-11) is divided by d(-2).
5
Let i(g) = -2*g + 402. Let o be i(0). Suppose -10*j + 4*j - o = 0. Let p = j - -100. What is the remainder when p is divided by 12?
9
Suppose -k + 2*t = -28, -4*k + t = -2*k - 50. Let i = -394 - -418. Suppose 0 = 20*o - i*o + 472. What is the remainder when o is divided by k?
22
Suppose -2*r = 20*j - 19*j - 12, 5*j + 5*r = 45. Let w be ((-4)/5)/((-2)/5). Suppose w*g + g - 30 = 0. Calculate the remainder when g is divided by j.
4
Suppose -72 = 2*s - 5*s. Let c = -70634 + 70750. Calculate the remainder when c is divided by s.
20
Suppose 25*p - 50 = -34 + 209. Calculate the remainder when 476 is divided by p.
8
Suppose 3*l - 4*g = 4132, 58 = -l + 4*g + 1422. Suppose -1387*v + 162 = -l*v. What is the remainder when v is divided by 23?
8
Suppose 2*u = 3*h - 269, -13 + 194 = 2*h - 3*u. Let z = h - 21. Suppose 3*r + 0*t - z = t, 0 = -3*t - 15. Calculate the remainder when 79 is divided by r.
16
Let b = -5059 - -5078. Suppose a + 17 = 39. What is the remainder when a is divided by b?
3
Suppose -45*v + 6090 = v - 4*v. What is the remainder when 720 is divided by v?
140
Suppose 7*o + 104 = -6*o. What is the remainder when 30 is divided by (-20)/o*(0 + 12/5)?
0
What is the remainder when 3*7536/126 + (-40)/(-70) is divided by 58?
6
Let b(o) = 8 - 4239*o + 8476*o - 4239*o. Suppose -52 = -0*q + 4*q. What is the remainder when b(q) is divided by 14?
6
Suppose -57 = -5*g - 3*m, g - 46 + 45 = 2*m. What is the remainder when 757 is divided by g?
1
Let p(n) = 91*n - 255. Let f be p(8). Suppose 0*c = 2*c + 2*v - 250, f = 4*c - 5*v. What is the remainder when c is divided by 41?
40
Let u = -315 - -390. Let w = -17 - -27. Calculate the remainder when (268/(-20))/((-15)/u) is divided by w.
7
Let c(i) = i**3 - 7*i**2 - 14*i + 57. Let y be c(7). Let a = y + 62. Calculate the remainder when 53 is divided by a.
11
Let j(x) = -3*x + 7. Calculate the remainder when j(-5) is divided by 3 + 34/(-14) - 22412/(-3017).
6
Suppose 97 = 5*m - 23. Suppose 0 = 32*u - 27*u - 3*w - 566, -3*u = -4*w - 333. What is the remainder when u is divided by m?
19
Let d(x) = 5*x**2 + 112*x + 5*x + 10*x**2 + 31 + 26 - 58. Calculate the remainder when d(-9) is divided by 29.
16
Suppose -3*k - 4*x = -206, -k - 288*x = -286*x - 74. What is the remainder when 2824 is divided by k?
40
Let t be (2 - 10/4)/((-2)/(-8)). Calculate the remainder when (t + -2)/(6*6/(-288)) is divided by 23.
9
Let s(j) = -j**3 + 4*j**2 + 23*j - 8. Let a be s(7). Let v(d) = 4*d + 10. What is the remainder when v(a) is divided by 10?
4
Let x = -3547 - -3566. Calculate the remainder when (-3 - -1 - -776) + 2 is divided by x.
16
What is the remainder when 1139 + 6/(120/35) + (-105)/28 is divided by 95?
92
Let f(v) = -v**3 + 4*v**2 + 5*v - 4. Let y(b) = b**3 - 4*b**2 - 39*b - 31. What is the remainder when f(-4) is divided by y(9)?
12
Suppose 0 = 3*i - 0 - 6. Suppose i*j - 7*j = 4*q - 410, j - 93 = -3*q. Calculate the remainder when (-4 + j - 5) + -1 is divided by 21.
5
Suppose -5*c + 113 = -4*c - v, 5*c + 3*v = 533. Let d(f) = f**3 + f**2 + f + 2. Calculate the remainder when c is divided by d(2).
13
Calculate the remainder when 6/(-117) + 0 - (-864745)/6045 is divided by 35.
3
Suppose 3*c - 2*c - 282 = 0. What is the remainder when c is divided by 4*(-36)/(-3) + -5 + -2?
36
Let n(x) = -24*x. Calculate the remainder when (950184/4980)/(4/10*1) is divided by n(-4).
93
Suppose 5*m + 3*h - 3015 = 0, 3*m - 26*h - 1780 = -22*h. Suppose 0 = 2*g + 198 + 486. Let k = g + m. What is the remainder when k is divided by 52?
50
Let r be -4 - (-12 - (-2 + 4)). Let d be r/4*24/(-30). Calculate the remainder when d/(-6)*113 - 5/(-15) is divided by 21.
17
Let c = 690 - 624. What is the remainder when 127 is divided by c?
61
Suppose -13*l + 695 = -670. Calculate the remainder when l is divided by 23.
13
Let o(m) = -m**2 - 76*m + 767. Calculate the remainder when 48 is divided by o(-85).
0
Let k = 21 + -22. Let z be k/(-5) + (-27240)/(-50). Suppose -z = -5*q + 2*a, 4*q - 636 = -a - 200. What is the remainder when q is divided by 28?
25
Suppose -53 + 2733 = 35*b + 32*b. What is the remainder when 5556 is divided by b?
36
Suppose -104*j - 21789 + 190808 = -44701. What is the remainder when j is divided by 229?
223
Let o(s) = -73*s - 33. Let j be o(-2). Suppose 2*h - j = -5*k, 5*k = 4*h - 0*h + 89. What is the remainder when 69 is divided by k?
6
Let c(y) = 2*y + 27. Let i be c(-11). Let p be 43 - i - (0 + 4). Suppose -2*j + 2*u = -40, -p = -3*j - u + 18. What is the remainder when 71 is divided by j?
17
Suppose 220 = 7*i - 74. Calculate the remainder when 394 is divided by i.
16
Suppose 11*r - 13 = 977. Calculate the remainder when r is divided by 11.
2
Calculate the remainder when ((-16)/(-10))/(1/5) is divided by -8 + (26 - -8) - 24.
0
Let k(i) = i**2 + 6*i - 1. Let o be k(-6). Let d(x) = -44*x. Let w(c) = -c**3 - 17*c**2 + 9. Calculate the remainder when d(o) is divided by w(-17).
8
Suppose 28*u = 40*u - 6624. Let w = u - 547. What is the remainder when 13 is divided by w?
3
Let g(b) = 3*b**2 + 5*b. Suppose 6*i = -5*k + 2934, 4*i - 4*k - 239 = 1585. Calculate the remainder when i is divided by g(-4).
26
Suppose b + 8 = 2*b. Let a = 18570 - 18531. What is the remainder when a is divided by b?
7
Suppose -18*o - 2004 = -2040. Calculate the remainder when 35 is divided by o.
1
Let t(h) = 35*h**2 - 1. Let a(s) = 9*s**3 + 4*s**2 - 3*s - 4. What is the remainder when a(2) is divided by t(1)?
10
Let r = -24169 + 24191. What is the remainder when 282 is divided by r?
18
Suppose 5*r - 1425 = -x, x + 1006 + 143 = 4*r. What is the remainder when r is divided by 89?
19
Let h be ((-1512)/(-16))/21*178/(-3). Let d = h + 279. What is the remainder when (263 - -2)*(-6)/(-15) is divided by d?
10
Let x(p) = p**2 - p - 6. Calculate the remainder when 88*(3 - 27/(-18))*((-10)/(-15) - 0) is divided by x(-6).
12
Suppose -3*x - 3 = -3*g, 6*g = -3*x + 3*g + 3. Suppose x = -5*u + 11*u + 18. Calculate the remainder when -130*3*(2 + 7/u) is divided by 33.
31
Let m = 2613 + -1946. Calculate the remainder when m is divided by 113.
102
Suppose -4*w - 22622 = -5*p, 5*p + 50*w = 53*w + 22629. Calculate the remainder when p is divided by 413.
400
Let y(f) = -4*f**2 - 79. Let w be y(0). Let z(o) = 13*o - 8. Let r be z(-14). Let u = w - r. What is the remainder when u is divided by 38?
35
Suppose 2*m = 4*n - 124, -2*m - 202 + 47 = -5*n. Calculate the remainder when (-336)/32*(270/(-35) + 2) is divided by n.
29
Let t be (-5)/1*96/15. Let s be (14/(-3))/(t/240). Suppose -5*u + 15 = -s. What is the remainder when u is divided by 2?
0
Let x = 35 + -32. Let i be 5055/5*x*3/27. Suppose 4*c + 3*k - i = -20, c = -5*k + 92. What is the remainder when c is divided by 13?
12
Let s = -132 - -140. Let r(x) be the second derivative of -x**4/12 + 19*x**2 + 12*x. What is the remainder when r(0) is divided by s?
6
Let i(v) = -734*v - 55. Let g be i(-3). Suppose 16*k + 355 - g = 0. Calculate the remainder when k is divided by 39.
34
Suppose -4 + 7 = -h + t, 5*